(-6) composite?
False
Suppose 3*a = 5*u - 4*u + 1, -2*a + 8 = 3*u. Suppose -5*r - 2*y + 203 = -2*r, -2*y = -u*r + 122. Is r a prime number?
False
Let u be -4 + 5 - (-1 + 5). Let h(b) = 3*b**2 + 5*b + 2. Let m be h(u). Is ((-7)/m)/(2/(-76)) prime?
True
Let m = -21 - -132. Is m a composite number?
True
Suppose 5*u + 70 = -0*u. Let k be u*(1 + 17/7). Let b = k + 97. Is b composite?
True
Let p = 3 - 5. Let k = p - -4. Is 201 + 1*k/1 prime?
False
Let f = -22 + 24. Suppose 4*l - f*l - 2*n - 514 = 0, 2*n = 4*l - 1020. Is l prime?
False
Let i = 242 + -159. Suppose 985 = 4*f - i. Is f a prime number?
False
Suppose -83 + 365 = 3*o. Is o composite?
True
Let f(x) = 33*x**2 - 3*x + 1. Is f(-4) a composite number?
False
Suppose -4*z + 3*i = -1709, 5*i - 1749 = -4*z - 0*i. Let d = z + -246. Is d composite?
True
Let k be (-166)/(-8) + 6/(-8). Let w = k - -73. Let t = -38 + w. Is t a composite number?
True
Let h(x) = 3*x + 3. Let r be h(-3). Let z be (-2)/r + 123/9. Is (7/(-2))/((-1)/z) a composite number?
True
Let w(d) = d**3 - 11*d**2 + 18*d + 3. Is w(11) prime?
False
Suppose 2*k + k - 9 = 0. Suppose 0 = -k*x + 182 + 199. Is x a composite number?
False
Let a be ((1 - -2) + -2)*15. Suppose 4*o = o + a, 0 = 4*x - o - 3815. Is x composite?
True
Suppose r - 4*z + 11 = -5, 2*r + 12 = -2*z. Let d = 30 - r. Is d composite?
True
Suppose -2*k - 6 = -3*y, -5*y - 2*k - 6 + 32 = 0. Is y/(-8)*(1 - 119) prime?
True
Suppose -2*c = c - 9. Let q(r) = 2*r - c - 4 + 6*r. Is q(7) a prime number?
False
Suppose 1 - 6 = 5*x. Is x*(-381)/3 + 0 a prime number?
True
Let t(i) = i**3 - 2*i**2 - 2*i - 1. Let s be t(-1). Let u be 2*4/s*-1. Is (-1)/(-2) - (-26)/u a composite number?
False
Let p(v) be the third derivative of 7*v**5/60 - v**4/24 - 7*v**3/6 - 4*v**2. Is p(-6) prime?
True
Is 0 - -19*(10 - -1) prime?
False
Let o = -14 + 16. Is (-2 + 28 - -3) + o a prime number?
True
Let q(n) = 23*n - 6. Let g be -2*1 - (-9 + 0). Is q(g) a prime number?
False
Let j = 8 + -6. Is 2*211/j + 0 a composite number?
False
Let p = 12 + -42. Is (p/9)/((-4)/30) a prime number?
False
Let t(p) = -p - 4. Let w be t(0). Is 1 - (w/(-4) - 83) a composite number?
False
Let z = 67 + 7. Is z a composite number?
True
Let k be 6/15 - (-46)/10. Suppose k*v - 2*v = -45. Let o = 50 + v. Is o prime?
False
Is 1101 - (1 - (1 + -2)) prime?
False
Let t = 85 - 127. Let z(u) = -u**2 - 3*u + 2. Let c be z(2). Let n = c - t. Is n composite?
True
Let y(w) = -6*w + w**2 + 7*w**2 - w**3 + 1 + 2*w**2 + 6. Is y(8) composite?
True
Let b be (8*-2)/(-4) + -2 - 0. Let p be 265 + (-1)/(-1 + 2). Suppose 0 = -b*s - 8, 3*w - 2*s + 19 - p = 0. Is w prime?
True
Let v be -4 + 2 + 10/1. Suppose -v = 2*m + 4. Is (14/4)/(m/(-84)) prime?
False
Let v = 283 - 177. Is v prime?
False
Suppose 4*o + 1028 = -1420. Let i = 1031 + o. Suppose 3*l = -w + l + 75, 5*w = l + i. Is w a prime number?
True
Let g(x) = x**2 + 11*x**3 - x**2 - 1 + 26*x**3 + x**2. Is g(1) a composite number?
False
Let a = 29 - -40. Is a a prime number?
False
Let f(n) = n**3 - 3*n**2 - 7*n - 2. Let p = 5 + 0. Is f(p) a composite number?
False
Is (-1184)/(-10) + 87/145 prime?
False
Let q(b) = 1362*b**2 - b. Is q(1) a composite number?
False
Let q(p) = -p**2 - 8*p. Let z be q(-7). Suppose 4*n = z*n - 6. Suppose -12 = -n*c + 90. Is c a composite number?
True
Suppose -4*j + 0*w = -3*w + 21, 0 = -2*j - 2*w. Let g = j - -304. Is g a prime number?
False
Suppose -92*l = -87*l - 1175. Is l prime?
False
Let z = -15 - -10. Let g = z - -10. Suppose 0*y - 268 = -3*y + 5*w, -3*y + 278 = g*w. Is y a composite number?
True
Let c be ((-15)/(-5))/((-1)/(-1)). Suppose -i + 948 = c*i. Is i prime?
False
Suppose -5*x = -3*s - 0*x + 26, -5*s = -4*x - 26. Is ((-105)/(-6) + -2)*s a prime number?
True
Is -1 + (-1 - -5) + 124 composite?
False
Let x(o) = o**3 + o**2 + 4*o + 2. Is x(7) composite?
True
Let t(l) = 121*l**2 + l - 7. Is t(2) prime?
True
Let h be ((-16)/20)/((-4)/30). Suppose 4 = -5*p - h. Is p/9 - 461/(-9) a composite number?
True
Let f(m) = m. Let t(d) = 29*d - 1. Let q(o) = 3*f(o) - t(o). Is q(-3) a composite number?
False
Let n(k) = -k + 1. Let x be n(1). Suppose -2*c - 4*b + 1074 = -0*c, x = -5*b. Is c a prime number?
False
Suppose -5*d + 82 = 2*q - 56, q = 2*d + 87. Is q composite?
False
Suppose 0 = m - 296 + 57. Is m a prime number?
True
Let l = -5821 - -8324. Is l prime?
True
Let i = 129 + 94. Let r = i - 78. Is r a composite number?
True
Let k(o) = -o**3 - 2*o**2 + 943. Is k(0) composite?
True
Suppose -9 = -3*l, -3*l = f - 2*l - 8. Suppose -310 = -2*g - 3*i, 2*i = f*g + 5*i - 757. Is g prime?
True
Suppose 0 = 4*g - 4*s - 24, -1 - 11 = -4*g - 2*s. Let t = -45 + 90. Suppose -t = -g*y + 31. Is y prime?
True
Suppose t = 5*t - 16. Suppose r + 0*n + t*n - 5 = 0, 5*r + 2*n - 25 = 0. Suppose r*b - 45 = 2*b. Is b a prime number?
False
Suppose -x + 470 = 2*i, -4*i = -3*x - 2*x - 940. Suppose c + i = g, 0 = -g + 2*c + 19 + 218. Is g a prime number?
True
Let s be (-4)/(-20) - 1724/(-5). Is s/9 - 4/(-6) a composite number?
True
Let c = -7 + 9. Suppose 47 + 39 = c*m. Is m a prime number?
True
Suppose -h - 2*h - t = 1, -h - 3*t = -5. Suppose 0 = -3*f + f + 2. Is f/(h + (-8)/(-7)) a prime number?
True
Suppose 3560 = 4*g - 4*n, 6*n + 893 = g + 2*n. Is g a prime number?
False
Let v(r) = r**2 + 8*r + 9. Let l be v(-6). Let i(n) = -2*n**3 + 2*n**2 - 2. Let g be i(l). Suppose -4*j = -2*j - g. Is j composite?
True
Let o be (-1)/(-4) + 2/(-8). Suppose 4*x + 4 = -4*h, x + 14 = -5*h - 3. Suppose -w - w = u - 23, 4*w + x*u - 41 = o. Is w a composite number?
True
Let o = -1521 - -2922. Is o prime?
False
Let y be ((-2)/5)/(2/(-5)). Let j(i) be the second derivative of 17*i**5/5 - i**4/12 - 4*i. Is j(y) a composite number?
False
Let c(r) = -177*r**2 + r. Let b be c(-1). Let f = b - -401. Is f a composite number?
False
Suppose -r - 3 + 5 = 0. Suppose 27 = r*f + 7. Is f a prime number?
False
Let y be -6*(-2)/4 + 2. Suppose 0*u + 4*u = y*g + 20, 0 = -5*g - u + 5. Is (g + 91)/(2 + -1) composite?
True
Suppose 0 = l + 5*r - 218, 0 = -0*l - 3*l + 4*r + 635. Is l prime?
False
Let n(m) = -m + 1. Let q be n(-4). Let h(a) = -q*a + 2*a + 1 - 9*a. Is h(-3) a composite number?
False
Suppose 3*u + 120 = 6*u. Suppose c - 22 = -4*n, 3*c - u = -2*n + 6. Is c composite?
True
Let q be -2*(-64)/((-2)/1). Let b = 101 + q. Is b prime?
True
Let k = 426 + -225. Suppose 0 = 4*s - s - k. Is s prime?
True
Is (-4)/(-14) - 32632/(-56) a composite number?
True
Suppose 2*r - 18 = -5*v + 3*v, -3*v = 2*r - 23. Suppose 3*c + v*l = 9, 5*c - 7 = -2*l + 8. Let m = 8 + c. Is m prime?
True
Let l(s) = -s**3 - s**2 - s - 1. Let d be l(-1). Let b = d + 2. Suppose 35 = b*t + 3*t. Is t prime?
True
Let v = 605 - 414. Is v prime?
True
Suppose -2*f = -156 - 478. Is f composite?
False
Let b = -9 + 11. Suppose 0*k = b*k + 3*t - 66, -k + 5*t + 33 = 0. Is k a composite number?
True
Suppose 1734 = -0*g + 3*g. Suppose -2*t = 3*s - g, -3*s + t = -5*s + 386. Is (6/12)/(1/s) composite?
False
Let l(p) = 200*p**2 + p + 2. Is l(-1) prime?
False
Suppose 0 = -7*f + 5534 + 864. Is f composite?
True
Suppose 4*i - 20 = -3*j, 2*i - 6*j + j + 16 = 0. Suppose 2*s + i*h = 272, s + 4*s = -h + 692. Is s a composite number?
False
Let b(z) be the first derivative of 4*z + 5/3*z**3 + 2*z**2 - 3. Is b(-3) prime?
True
Let i be (16/2)/(1/2). Let z be (i/20)/((-4)/(-10)). Let q(u) = 9*u**2 - 2. Is q(z) composite?
True
Let y = -4 + 6. Suppose -5*x + y*f = -2449, 934 = 3*x + f - 542. Is x prime?
True
Suppose 407 = 20*i - 19*i. Is i a prime number?
False
Suppose -3*d + 3*a + 801 = 0, d + 4*a - 2*a = 261. Is d a composite number?
True
Let s = 6 + 29. Is s a prime number?
False
Suppose v = 3*v + 8. Let s be 5/2 - (-2)/v. Suppose s*u = -2*y + 150 - 34, -9 = -3*u. Is y a composite number?
True
Let n(s) = -s + 23. Let c(g) = -g - 68. Let h be c(0). Let y be 14/49 + h/(-7). Is n(y) composite?
False
Let v = -2 + 4. Let a(t) = 2*t**v + 3 - 2 - 2*t - 6. Is a(4) prime?
True
Let y = -3 - -8. Suppose -3*q - v - 24 = 9, -3*v + 55 = -y*q. Is (-36 + 2)*q/2 a composite number?
True
Let s(i) = 342*i**2 + i. Let b be s(1). Let r = -441 - -671. Let f = b - r. Is f a prime number?
True
Suppose 2*w = -3*d + 6*w - 20, -2*d - 15 = -3*w. Let b be (d - (-2)/(-2)) + 129. Suppose -2*a = 3*y - 59, 0 = -4*a - y - 3*y + b. I